remainder when 2087162 is divided by 1587?
257
Calculate the remainder when 1028 is divided by 353.
322
What is the remainder when 278822 is divided by 2199?
1748
Calculate the remainder when 19789 is divided by 3930.
139
Calculate the remainder when 12286 is divided by 2162.
1476
What is the remainder when 4412524 is divided by 4412518?
6
Calculate the remainder when 2550027 is divided by 6359.
68
What is the remainder when 22791989 is divided by 657?
2
Calculate the remainder when 7176126 is divided by 8136.
174
Calculate the remainder when 767523 is divided by 465.
273
What is the remainder when 981204 is divided by 196237?
19
Calculate the remainder when 4595943 is divided by 331.
8
Calculate the remainder when 391390 is divided by 55907.
41
Calculate the remainder when 157343 is divided by 51282.
3497
Calculate the remainder when 461029 is divided by 194.
85
Calculate the remainder when 171982 is divided by 85893.
196
What is the remainder when 103057 is divided by 352?
273
What is the remainder when 21723693 is divided by 7?
5
What is the remainder when 9784988 is divided by 24?
20
Calculate the remainder when 54591 is divided by 18117.
240
Calculate the remainder when 3129021 is divided by 16217.
15357
Calculate the remainder when 4535823 is divided by 44037.
12
What is the remainder when 50076 is divided by 651?
600
What is the remainder when 50715287 is divided by 7782?
7775
Calculate the remainder when 134042 is divided by 58.
4
What is the remainder when 2427191 is divided by 1490?
1471
Calculate the remainder when 1651256 is divided by 942.
872
What is the remainder when 10317 is divided by 2057?
32
What is the remainder when 7989019 is divided by 42?
31
Calculate the remainder when 1586006 is divided by 8393.
8122
Calculate the remainder when 476308 is divided by 20676.
760
Calculate the remainder when 3757920 is divided by 632.
48
Calculate the remainder when 71275 is divided by 32096.
7083
Calculate the remainder when 128563632 is divided by 168277.
4
Calculate the remainder when 150132 is divided by 12502.
108
What is the remainder when 19471313 is divided by 92?
65
Calculate the remainder when 3011701 is divided by 19.
11
What is the remainder when 2297427 is divided by 48?
3
Calculate the remainder when 455110 is divided by 227536.
38
What is the remainder when 4801 is divided by 1430?
511
What is the remainder when 2740495 is divided by 31866?
19
Calculate the remainder when 1938240 is divided by 323034.
36
What is the remainder when 2919160317 is divided by 7152?
7149
What is the remainder when 1082888 is divided by 270705?
68
What is the remainder when 5702534 is divided by 2851263?
8
Calculate the remainder when 10607496 is divided by 441978.
24
What is the remainder when 6468599 is divided by 1381?
1376
What is the remainder when 14047659 is divided by 10034?
59
Calculate the remainder when 11908344 is divided by 1681.
140
Calculate the remainder when 2137782 is divided by 113.
48
What is the remainder when 273080 is divided by 244?
44
What is the remainder when 5551456 is divided by 6812?
6488
Calculate the remainder when 161016397 is divided by 504.
493
Calculate the remainder when 25349701 is divided by 5512.
13
Calculate the remainder when 12544318 is divided by 41.
40
Calculate the remainder when 544463 is divided by 12954.
395
Calculate the remainder when 4761556 is divided by 915.
811
Calculate the remainder when 806899 is divided by 464.
3
What is the remainder when 62771682 is divided by 4?
2
What is the remainder when 2368741 is divided by 292?
37
What is the remainder when 3722870 is divided by 194?
10
Calculate the remainder when 7757612 is divided by 25.
12
What is the remainder when 39271 is divided by 2945?
986
What is the remainder when 51131 is divided by 672?
59
What is the remainder when 4672351 is divided by 2313?
91
What is the remainder when 70920 is divided by 35460?
0
What is the remainder when 329819 is divided by 164907?
5
What is the remainder when 1040144 is divided by 81?
23
Calculate the remainder when 145912 is divided by 1074.
922
What is the remainder when 79227 is divided by 8717?
774
Calculate the remainder when 411831 is divided by 2658.
2499
Calculate the remainder when 15992912 is divided by 1308.
1304
Calculate the remainder when 101290 is divided by 50634.
22
Calculate the remainder when 349685 is divided by 116549.
38
Calculate the remainder when 4003892 is divided by 34.
18
Calculate the remainder when 11948332 is divided by 381.
172
What is the remainder when 274011 is divided by 2356?
715
What is the remainder when 721445 is divided by 120096?
869
What is the remainder when 14659 is divided by 14109?
550
What is the remainder when 9629 is divided by 1287?
620
Calculate the remainder when 269349 is divided by 2263.
52
Calculate the remainder when 23113792 is divided by 84.
16
What is the remainder when 3698518 is divided by 1428?
1426
What is the remainder when 6112459 is divided by 86?
9
Calculate the remainder when 30611361 is divided by 1119.
1116
What is the remainder when 18526099 is divided by 1791?
1786
Calculate the remainder when 61965509 is divided by 23087.
1
Calculate the remainder when 125879 is divided by 41956.
11
What is the remainder when 2925317 is divided by 2611?
997
Calculate the remainder when 200223 is divided by 10537.
20
What is the remainder when 233512 is divided by 46119?
2917
What is the remainder when 31318 is divided by 28814?
2504
What is the remainder when 2710477 is divided by 903487?
16
What is the remainder when 43698 is divided by 89?
88
Calculate the remainder when 47389607 is divided by 453.
371
Calculate the remainder when 60577823 is divided by 48.
47
Calculate the remainder when 53687 is divided by 398.
355
What is the remainder when 2833822 is divided by 2007?
1945
Calculate the remainder when 216885 is divided by 2889.
210
Calculate the remainder when 64797 is divided by 21471.
384
What is the remainder when 4220423 is divided by 441?
53
Calculate the remainder when 65309709 is divided by 456.
21
What is the remainder when 133070 is divided by 128336?
4734
What is the remainder when 22926086 is divided by 144?
134
What is the remainder when 1617655 is divided by 674?
55
What is the remainder when 35609 is divided by 2551?
2446
What is the remainder when 235578 is divided by 15?
3
What is the remainder when 84394 is divided by 7018?
178
Calculate the remainder when 6618561 is divided by 1368.
177
Calculate the remainder when 6569 is divided by 6271.
298
What is the remainder when 445376 is divided by 3202?
298
What is the remainder when 91833 is divided by 91816?
17
What is the remainder when 5056 is divided by 556?
52
What is the remainder when 1404863 is divided by 3478?
3229
Calculate the remainder when 174159 is divided by 11258.
5289
Calculate the remainder when 1417453 is divided by 11072.
237
What is the remainder when 31594974 is divided by 902711?
89
What is the remainder when 9694744 is divided by 40?
24
Calculate the remainder when 179847 is divided by 89738.
371
What is the remainder when 3601851 is divided by 327441?
0
Calculate the remainder when 46776220 is divided by 893.
880
What is the remainder when 41589568 is divided by 193?
191
Calculate the remainder when 154077377 is divided by 4.
1
Calculate the remainder when 184508 is divided by 30750.
8
Calculate the remainder when 7555967 is divided by 222234.
11
Calculate the remainder when 48571 is divided by 48130.
441
Calculate the remainder when 32887123 is divided by 121.
49
Calculate the remainder when 6664541 is divided by 34.
31
Calculate the remainder when 1212357 is divided by 4269.
4230
Calculate the remainder when 11045806 is divided by 486.
484
Calculate the remainder when 73916 is divided by 1853.
1649
Calculate the remainder when 11268411 is divided by 1252043.
24
Calculate the remainder when 343997 is divided by 3487.
2271
What is the remainder when 75089 is divided by 630?
119
What is the remainder when 586164 is divided by 117211?
109
What is the remainder when 86462773 is divided by 2161569?
13
What is the remainder when 43190 is divided by 21542?
106
What is the remainder when 92164 is divided by 92131?
33
Calculate the remainder when 260285 is divi